7*y + 2. What is l(4)?
70
Let r(v) = v**2 + 9*v + 21. What is r(-3)?
3
Let a(g) = g**3 - 6*g**2 + 8*g - 6. Calculate a(5).
9
Let j(h) = -4*h - 6. Calculate j(7).
-34
Let q(u) = -2*u - 8. Give q(-8).
8
Let r(t) = -3*t**2 - 4*t - 2. Determine r(-2).
-6
Let o(d) = 3*d - 134. Determine o(37).
-23
Let i(n) = -n + 23. Calculate i(5).
18
Let u(z) = z**2 - 24*z + 8. What is u(23)?
-15
Let b(k) = -k**2 - 8*k + 8. What is b(-10)?
-12
Let g(c) = c**2 - 2*c. What is g(4)?
8
Let l(x) = -12*x + 5. Give l(-1).
17
Let s(k) = k**3 + 8*k**2 + 12*k + 19. Give s(-6).
19
Let s(b) = b**2 + 8*b - 16. Give s(-11).
17
Let s(n) = -n + 12. What is s(18)?
-6
Let c(r) = -3*r**2 + 58. What is c(-5)?
-17
Let o(a) = a**2 + a - 9. Give o(-3).
-3
Let l(k) = 27*k - 1. Determine l(1).
26
Let u(t) = t**3 - 6*t**2 - 6*t - 6. What is u(6)?
-42
Let z(p) = p**2 - 42*p - 1007. Calculate z(-17).
-4
Let h(t) = t**3 + t**2 - t + 24. Determine h(0).
24
Let m(q) = q + 45. What is m(18)?
63
Let h(v) = -4*v + 63. Give h(17).
-5
Let u(j) = -2*j - 31. Calculate u(-15).
-1
Let i(o) = -4*o - 8. Determine i(-7).
20
Let c(n) = n**3 + 6*n**2 + 3*n - 7. Calculate c(-5).
3
Let v(y) = -y**3 + 4*y + 3. Give v(-2).
3
Let z(a) = a**2 + 4*a + 7. What is z(-3)?
4
Let q(n) = -n**3 - 10*n**2 - 13*n - 15. Calculate q(-9).
21
Let b(r) = 3*r**2 + 9*r - 3. Give b(-4).
9
Let s(z) = -3*z - 24. Give s(-8).
0
Let a(l) = -18*l - 8. Determine a(4).
-80
Let r(l) = l**3 + 9*l**2 - 2. Determine r(-9).
-2
Let m(p) = p**3 + 6*p**2 + 5*p + 3. Calculate m(-4).
15
Let h(i) = i**3 - 18*i**2 - 23*i + 80. What is h(19)?
4
Let o(h) = -h**2 + 3*h - 9. Give o(4).
-13
Let a(s) = -s**3 - 7*s**2 - 6. Determine a(-7).
-6
Let t(w) = 42*w - 35. Give t(1).
7
Let n(h) = -h**3 - 3*h**2 + 4*h + 2. Determine n(-3).
-10
Let c(o) = 6*o + 4. Give c(0).
4
Let u(y) = y**3 - 9*y**2 - 11*y + 11. Determine u(7).
-164
Let h(u) = -3*u - 49. Calculate h(-25).
26
Let b(i) = -i**2 - 18*i - 69. Give b(-4).
-13
Let k(l) = l**3 - 2*l**2 - 3*l + 6. Calculate k(4).
26
Let p(s) = -31*s - 14. What is p(-1)?
17
Let d(j) = 5*j + 163. What is d(-33)?
-2
Let y(s) = s**3 + 20*s**2 + 22*s + 18. Calculate y(-19).
-39
Let a(d) = 10*d - 15. Give a(1).
-5
Let n(g) = -26*g - 582. What is n(-22)?
-10
Let k(p) = 6*p**2 - p - 2. Calculate k(-1).
5
Let m(h) = 4*h - 5. Give m(4).
11
Let c(z) = -6*z**2 - 71*z + 28. What is c(-12)?
16
Let t(q) = -q**3 - 21*q**2 - 21*q - 3. Determine t(-20).
17
Let x(o) = -3*o**2 + 18*o + 47. Calculate x(-2).
-1
Let k(d) = d**3 + 7*d**2 + d - 14. Calculate k(-6).
16
Let c(v) = -v**3 - 9*v**2 - 18*v - 1. Give c(-6).
-1
Let f(s) = -6*s - 127. Give f(-19).
-13
Let p(l) = l**3 + 2*l**2 - 2*l + 4. What is p(-3)?
1
Let r(a) = -3*a + 29. Determine r(5).
14
Let z(h) = -h**3 + 14*h**2 - 12*h - 15. Give z(13).
-2
Let l(t) = 168*t - 507. Calculate l(3).
-3
Let u(r) = 4*r. What is u(-7)?
-28
Let d(m) = 2*m - 32. What is d(17)?
2
Let x(f) = f**3 + 6*f**2 - 18*f - 16. Calculate x(-8).
0
Let s(q) = 14*q - 4. What is s(-2)?
-32
Let k(q) = -q + 11. What is k(13)?
-2
Let l(h) = h**3 + 17*h**2 + 39*h + 5. Give l(-14).
47
Let v(z) = -z**3 - 3*z**2 + 5*z + 5. Calculate v(-4).
1
Let o(t) = -5*t - 2. Give o(5).
-27
Let l(o) = o**3 + 10*o**2 + 11*o + 6. Calculate l(-7).
76
Let p(a) = 8*a**3 - 2*a**2 + 9*a - 6. Calculate p(1).
9
Let h(i) = i + 4. Determine h(-9).
-5
Let y(i) = i**3 - 10*i**2 + 21*i + 7. Calculate y(7).
7
Let a(t) = -2*t**2 + 3*t + 37. Give a(5).
2
Let k(m) = m**2 + 9*m + 2. Determine k(-12).
38
Let n(p) = p**2 - 7*p - 16. Give n(8).
-8
Let m(i) = -9*i + 63. Determine m(7).
0
Let f(l) = l**3 - 12*l**2 + 7*l + 32. Determine f(8).
-168
Let i(h) = -h**2 + 14*h + 13. What is i(15)?
-2
Let j(s) = -s**3 + s**2 + 2*s - 9. What is j(3)?
-21
Let s(n) = n**3 + 15*n**2 + 15*n - 15. What is s(-14)?
-29
Let b(z) = -z**3 - 7*z**2 - 2*z + 5. Calculate b(-6).
-19
Let b(g) = -g**3 - 7*g**2 + 9*g - 11. What is b(-8)?
-19
Let s(a) = a**2 - 11*a - 2. Give s(12).
10
Let z(r) = 2*r**2 - 10*r + 6. Give z(4).
-2
Let o(h) = 2*h**3 - 83*h**2 - 44*h + 88. Give o(42).
4
Let l(i) = 40*i**2 - i. What is l(-1)?
41
Let i(t) = -t**2 + 4*t + 44. Calculate i(8).
12
Let w(f) = -f**2 + 14*f - 5. What is w(13)?
8
Let u(r) = r**3 - 13*r**2 - 12*r - 22. Give u(14).
6
Let k(f) = -f**2 - 5*f + 17. What is k(-8)?
-7
Let c(m) = -17*m + 1. Give c(2).
-33
Let x(t) = t**3 - 12*t**2 - 10*t + 14. Calculate x(12).
-106
Let w(i) = 4*i - 1. What is w(2)?
7
Let q(h) = -h**3 + 23*h**2 + 52*h - 52. What is q(25)?
-2
Let u(b) = -b**3 + 2*b**2 + 5*b - 6. Determine u(5).
-56
Let h(d) = -d**2 - 3*d - 3. Give h(-7).
-31
Let j(y) = -y**3 + 7*y**2 - 12*y + 26. Calculate j(6).
-10
Let t(v) = 8*v - 39. Calculate t(9).
33
Let r(j) = j**2 - 10*j - 47. Calculate r(13).
-8
Let y(a) = 2*a - 6. Give y(17).
28
Let m(l) = 8*l + 8. Determine m(-3).
-16
Let t(n) = -n**3 + 7*n**2 + 9*n - 14. Determine t(7).
49
Let g(x) = -x**3 + 19*x**2 - 47*x - 14. Determine g(16).
2
Let n(y) = y**2 + 6*y - 31. Give n(-9).
-4
Let p(b) = -b - 3. Calculate p(8).
-11
Let r(u) = -27*u + 7. Calculate r(-2).
61
Let i(j) = j**3 + 5*j**2 + 2*j + 13. Determine i(-6).
-35
Let t(w) = -w**2 - 14*w - 10. Determine t(-13).
3
Let k(r) = -r**3 + 4*r**2 + 14*r. Give k(6).
12
Let k(b) = 3*b - 24. Give k(25).
51
Let y(s) = -7*s + 30. Calculate y(4).
2
Let d(x) = -x**3 + 16*x**2 - 54*x + 73. Calculate d(12).
1
Let l(q) = q**3 + 7*q**2 - 7*q + 25. What is l(-8)?
17
Let q(t) = -t**2 + 3*t - 2. Calculate q(2).
0
Let a(i) = -8*i - 325. Calculate a(-42).
11
Let z(u) = -u**2 - 6*u - 2. Determine z(7).
-93
Let m(a) = -a + 7. Determine m(10).
-3
Let x(l) = 3*l + 12. What is x(-4)?
0
Let f(y) = -14*y - 5. Calculate f(-1).
9
Let r(n) = -n**3 + 20*n**2 - 19*n + 13. Give r(19).
13
Let l(t) = 20*t - 266. Calculate l(14).
14
Let h(s) = 15*s - 472. Give h(32).
8
Let a(l) = l**2 - 13*l - 37. What is a(15)?
-7
Let c(o) = -23*o + 507. Determine c(22).
1
Let r(p) = -15*p + 52. Determine r(3).
7
Let t(s) = -s**2 - 42*s - 179. Determine t(-5).
6
Let c(k) = -19*k - 304. Determine c(-16).
0
Let m(j) = -5*j + 8. What is m(5)?
-17
Let n(a) = 3*a**3 - 2*a**2 + 3*a + 3. Calculate n(-2).
-35
Let i(q) = -q - 5. Determine i(-8).
3
Let i(w) = -8*w**2 - 12*w + 16. Determine i(1).
-4
Let y(c) = -c**3 - 2*c**2 - 10*c - 44. Determine y(-4).
28
Let h(b) = -b**3 + 6*b**2 + 8*b - 6. What is h(7)?
1
Let x(v) = -4*v + 32. Calculate x(5).
12
Let j(i) = -i**2 - 28*i - 127. Calculate j(-23).
-12
Let l(d) = 2*d**2 - 35*d + 32. Calculate l(15).
-43
Let c(a) = a**2 - 11*a + 13. Calculate c(9).
-5
Let w(p) = p**3 - 9*p**2 - 11*p + 11. Give w(10).
1
Let f(k) = k**3 - 16*k**2 + 13*k + 27. What is f(15)?
-3
Let d(k) = -k**3 - k**2 - 4*k - 5. Determine d(-4).
59
Let x(v) = 8*v + 15. Determine x(6).
63
Let k(v) = 5*v - 43. What is k(12)?
17
Let o(f) = -f**3 - 18*f**2 + 21*f + 43. What is o(-19)?
5
Let b(k) = -k**3 - 3*k**2 + 4*k + 1. Give b(-4).
1
Let m(h) = h**2 - 9*h + 4. Give m(8).
-4
Let s(a) = a**3 + 37*a**2 + 71*a + 30. What is s(-35)?
-5
Let k(g) = 2*g**2 + 9*g - 5. Give k(-4).
-9
Let j(n) = -n**3 - 3*n**2 - 4*n - 3. Give j(-2).
1
Let z(f) = -10*f + 26. What is z(-10)?
126
Let v(i) = i**3 + 9*i**2 - 9*i - 2. What is v(-10)?
-12
Let p(k) = 2*k - 35. What is p(-4)?
-43
Let k(f) = -37*f**3 - 3*f**2 - f. Calculate k(-1).
35
Let l(i) = i**3 + 5*i**2 - 7*i - 33. Calculate l(-5).
2
Let u(j) = j**3 + 8*j**2 + 6*j - 3. Calculate u(-6).
33
Let l(b) = b**2 - 4*b - 6. What is l(5)?
-1
Let a(r) = r**2 + 16*r + 13. What is a(-15)?
-2
Let u(h) = -46*h + 370. Calculate u(9).
-44
Let v(w) = 18*w**3 + w - 1. What is v(1)?
18
Let t(p) = 2*p - 25. Give t(0).
-25
Let p(t) = -t**3 - 5*t**2 + 8*t - 3. Give p(4).
-115
Let a(d) = -6*d - 4. What is a(-3)?
14
Let s(m) = -6*m**3 - m**2 - m. Give s(-1).
6
Let c(g) = 7*g + 21. What is c(-9)?
-42
Let m(s) = -4*s + 2. Determine m(-4).
18
Let f(v) = -9*v - 16. What is f(-2)?
2
Let o(y) = -y + 22. Give o(-8).
30
Let c(y) = 16*y - 109. Give c(6).
-13
Let a(l) = -l**3 + l**2 + 5*l + 17. Calculate a(0).
17
Let o(g) = 3*g**2 + 4*g. Determine o(-3).
15
Let d(j) = 12*j - 333. What is d(28)?
3
Let d(u) = 3*u - 47. Determine d(19).
10
Let q(n) = 2*n**2 + 9*n + 3. What is q(-6)?
21
Let a(z) = 21*z - 72. Calculate a(4).
12
Let p(b) = -2*b**3 + 39*b**2 + 20*b - 46. Determine p(20).
-46
Let f(o) = -